{"id":333,"date":"2014-06-10T09:45:29","date_gmt":"2014-06-10T09:45:29","guid":{"rendered":"http:\/\/demo.cactusthemes.com\/university\/?page_id=333"},"modified":"2019-10-15T15:58:00","modified_gmt":"2019-10-15T18:58:00","slug":"cursos-de-martillero-publico","status":"publish","type":"page","link":"https:\/\/www.martilleropublico.com\/curso\/","title":{"rendered":"Curso Preparatorio para Martillero P\u00fablico"},"content":{"rendered":"<p>[vc_row u_row_style=\u00bb0&#8243; u_row_paralax=\u00bb0&#8243; u_row_scheme=\u00bb0&#8243; css=\u00bb.vc_custom_1522070698442{margin-bottom: 0px !important;padding-top: 40px !important;padding-bottom: 40px !important;}\u00bb][vc_column]        <div class=\"event-listing un-grid-listing un-post-grid un-post-grid-2476 wpb_none wpb_animate_when_almost_visible\" data-delay=0>\n            <div class=\"grid-listing-wrap\">\n                <div class=\"grid-listing no-overlay-bottom\">\n                \t                    <div class=\"grid-item grid-header\">\n                        <div class=\"grid-item-inner main-color-1-bg dark-div\"  >\n                            <div class=\"grid-item-content event-item\">\n                                <h1>S\u00e9 un Martillero P\u00fablico<\/h1>                                <p>Le entregaremos todas las herramientas y conocimientos para que pueda convertirse en Martillero P\u00fablico<\/p>                                                                <img src=\"https:\/\/www.corredordepropiedades.cl\/curso-de-corredor-de-propiedades\/wp-content\/uploads\/2018\/03\/tarjetas.png\">\n                            <\/div>\n                            \n                        <\/div>\n                        \n                    <\/div>\n                    \n                                                                <div class=\"grid-item grid-post-id-138450\">\n                            <div class=\"grid-item-inner\">\n                                <div class=\"grid-item-content event-item dark-div\">\n                                    <div class=\"event-thumbnail\">\n                                        <a href=\"https:\/\/www.martilleropublico.com\/curso\/courses\/curso-martillero-publico\/\" title=\"Curso Preparatorio Martillero P\u00fablico\"  >\n                                                                                        <img src=\"https:\/\/www.martilleropublico.com\/curso\/wp-content\/themes\/university\/images\/default-photo-grid.jpg\" width=\"554\" height=\"674\" title=\"Curso Preparatorio Martillero P\u00fablico\" alt=\"Curso Preparatorio Martillero P\u00fablico\">\n                                        <\/a>\n                                    <\/div>\n                                                                        <div class=\"event-overlay\">\n                                        <a class=\"overlay-top\" href=\"https:\/\/www.martilleropublico.com\/curso\/courses\/curso-martillero-publico\/\" title=\"Curso Preparatorio Martillero P\u00fablico\">\n                                            <h4>Curso Preparatorio Martillero P\u00fablico<\/h4>\n                                            \t\t\t\t\t\t\t\t\t\t\t\t<span class=\"price yellow\">\n\t\t\t\t\t\t\t\t\t\t\t\t\t286000                                                 <\/span>\n\t\t\t\t\t\t\t\t\t\t\t                                        <\/a>\n                                        <div class=\"overlay-bottom\">\n                                        \t\t\t\t\t\t\t\t\t\t\t\t\t                                                                                                                                        \n\t\t\t\t\t\t\t\t\t\t\t                                            \n                                        <\/div>\n                                    <\/div>\n                                <\/div><!--\/event-item-->\n                            <\/div>\n                                                    <\/div><!--\/grid-item-->\n                                        <\/div>\n            <\/div>\n        <\/div><!--\/un-grid-listing-->\n        \t[\/vc_column][\/vc_row][vc_row u_row_style=\u00bb0&#8243; u_row_paralax=\u00bb0&#8243; u_row_scheme=\u00bb1&#8243; css=\u00bb.vc_custom_1434455707676{margin-bottom: 0px !important;padding-top: 60px !important;padding-bottom: 60px !important;}\u00bb el_class=\u00bbmain-color-1-bg\u00bb][vc_column width=\u00bb1\/3&#8243;][vc_column_text css_animation=\u00bbbottom-to-top\u00bb css=\u00bb.vc_custom_1521835325699{margin-bottom: 0px !important;border-bottom-width: 0px !important;padding-bottom: 10px !important;}\u00bb]<\/p>\n<h1>CURSO E-LEARNING 100% ONLINE<\/h1>\n<p>[\/vc_column_text][vc_column_text css_animation=\u00bbbottom-to-top\u00bb css=\u00bb.vc_custom_1521835341088{margin-top: 0px !important;margin-bottom: 0px !important;border-top-width: 0px !important;border-bottom-width: 0px !important;padding-top: 10px !important;padding-bottom: 20px !important;}\u00bb]Este curso online va orientado a personas naturales que deseen realizar esta actividad de manera profesional en el territorio nacional, adquiriendo para esto los conocimientos necesarios de la actividad.[\/vc_column_text][\/vc_column][vc_column width=\u00bb1\/3&#8243;][vc_column_text css_animation=\u00bbbottom-to-top\u00bb css=\u00bb.vc_custom_1523364897093{margin-bottom: 0px !important;border-bottom-width: 0px !important;padding-bottom: 10px !important;}\u00bb]<\/p>\n<h1>REGISTRO NACIONAL DE MARTILLERO P\u00daBLICO<\/h1>\n<p>[\/vc_column_text][vc_column_text css_animation=\u00bbbottom-to-top\u00bb css=\u00bb.vc_custom_1523364952404{margin-top: 0px !important;margin-bottom: 0px !important;border-top-width: 0px !important;border-bottom-width: 0px !important;padding-top: 10px !important;padding-bottom: 20px !important;}\u00bb]Te Acompa\u00f1amos en todo el proceso del registro como Martillero P\u00fablico , presentamos todos tus documentos\u00a0 \u00a0creaci\u00f3n de carpeta, balance, etc.[\/vc_column_text][\/vc_column][vc_column width=\u00bb1\/3&#8243;][vc_column_text css_animation=\u00bbbottom-to-top\u00bb css=\u00bb.vc_custom_1571169476482{margin-bottom: 0px !important;border-bottom-width: 0px !important;padding-bottom: 10px !important;}\u00bb]<\/p>\n<h1>CURSO PATROCINADO POR MARTILLEROJUDICIAL.CL<\/h1>\n<p>[\/vc_column_text][vc_column_text css_animation=\u00bbbottom-to-top\u00bb css=\u00bb.vc_custom_1571169425883{margin-top: 0px !important;margin-bottom: 0px !important;border-top-width: 0px !important;border-bottom-width: 0px !important;padding-top: 10px !important;padding-bottom: 20px !important;}\u00bb]Curso preparatorio para martillero p\u00fablico patrocinado por Martillerojudicial.cl[\/vc_column_text][\/vc_column][\/vc_row][vc_row u_row_style=\u00bb0&#8243; u_row_paralax=\u00bb1&#8243; u_row_scheme=\u00bb1&#8243; css=\u00bb.vc_custom_1523367481343{margin-top: 0px !important;margin-bottom: 0px !important;padding-top: 150px !important;padding-bottom: 150px !important;background-image: url(https:\/\/www.martilleropublico.com\/curso\/wp-content\/uploads\/2018\/04\/bg_12.jpg?id=137773) !important;background-position: center !important;background-repeat: no-repeat !important;background-size: cover !important;}\u00bb][vc_column][vc_column_text css_animation=\u00bbbottom-to-top\u00bb css=\u00bb.vc_custom_1522068260839{margin-bottom: 80px !important;}\u00bb]<\/p>\n<h1 style=\"text-align: center;\">NUESTROS PARTNERS<\/h1>\n<p>[\/vc_column_text][vc_row_inner css=\u00bb.vc_custom_1522068063700{margin-top: 20px !important;margin-bottom: 20px !important;}\u00bb][vc_column_inner width=\u00bb1\/3&#8243;][vc_single_image image=\u00bb137776&#8243; img_size=\u00bb1000&#215;500&#8243; alignment=\u00bbcenter\u00bb style=\u00bbvc_box_rounded\u00bb css=\u00bb.vc_custom_1523369419018{margin-bottom: 20px !important;}\u00bb][vc_column_text css=\u00bb.vc_custom_1522069422504{margin-top: 20px !important;}\u00bb]<\/p>\n<h4>Inmobiliaria.cl<\/h4>\n<p>[\/vc_column_text][\/vc_column_inner][vc_column_inner width=\u00bb1\/3&#8243;][vc_single_image image=\u00bb137777&#8243; img_size=\u00bb1000&#215;500&#8243; alignment=\u00bbcenter\u00bb style=\u00bbvc_box_rounded\u00bb css=\u00bb.vc_custom_1523369501882{margin-bottom: 20px !important;}\u00bb][vc_column_text css=\u00bb.vc_custom_1522069588841{margin-top: 20px !important;}\u00bb]<\/p>\n<h4>Asociaci\u00f3n Inmobiliaria de Chile<\/h4>\n<p>[\/vc_column_text][\/vc_column_inner][vc_column_inner width=\u00bb1\/3&#8243;][vc_single_image image=\u00bb137986&#8243; img_size=\u00bb1000&#215;500&#8243; alignment=\u00bbcenter\u00bb style=\u00bbvc_box_rounded\u00bb onclick=\u00bbcustom_link\u00bb img_link_target=\u00bb_blank\u00bb css=\u00bb.vc_custom_1571152218462{margin-bottom: 20px !important;}\u00bb link=\u00bbhttps:\/\/martillerojudicial.cl\/\u00bb][vc_column_text css=\u00bb.vc_custom_1571152093579{margin-top: 20px !important;}\u00bb]<\/p>\n<h4>Usted podr\u00e1 postular la poder Judicial y ser Martillero Judicial<\/h4>\n<p>[\/vc_column_text][\/vc_column_inner][\/vc_row_inner][\/vc_column][\/vc_row][vc_row u_row_style=\u00bb0&#8243; u_row_paralax=\u00bb1&#8243; u_row_scheme=\u00bb1&#8243; css=\u00bb.vc_custom_1523468640358{margin-bottom: 0px !important;padding-top: 0px !important;padding-bottom: 0px !important;background-color: #f7b84c !important;background-position: center !important;background-repeat: no-repeat !important;background-size: cover !important;}\u00bb][vc_column][vc_column_text css=\u00bb.vc_custom_1553715996093{margin-top: 60px !important;margin-bottom: 80px !important;}\u00bb]<\/p>\n<h1 style=\"text-align: center;\"><strong><span style=\"color: #000000;\">CONSULTE POR EL CURSO PREPARATORIO PARA MARTILLERO P\u00daBLICO<br \/>\nAL TEL\u00c9FONO +56 2 3210 0084<\/span><\/strong><\/h1>\n<p>[\/vc_column_text][\/vc_column][\/vc_row][vc_row u_row_style=\u00bb0&#8243; u_row_paralax=\u00bb0&#8243; u_row_scheme=\u00bb0&#8243; css=\u00bb.vc_custom_1407228240702{padding-top: 20px !important;}\u00bb][vc_column width=\u00bb1\/2&#8243;][vc_column_text css_animation=\u00bbbottom-to-top\u00bb css=\u00bb.vc_custom_1523391753602{margin-bottom: 29px !important;padding-top: 36px !important;}\u00bb]<\/p>\n<h1><span style=\"color: #253b80;\">Preguntas frecuentes<\/span><\/h1>\n<p>[\/vc_column_text][vc_accordion][vc_accordion_tab title=\u00bb\u00bfCon cuanto tiempo cuento para rendir mi curso o mis cursos?\u00bb][vc_column_text]<span style=\"color: #000000;\">Cuenta con 3 meses para rendir su curso o sus cursos, en caso de necesitar m\u00e1s tiempo se le reasignara m\u00e1s tiempo seg\u00fan lo solicitado y la situaci\u00f3n de cada alumno.<\/span>[\/vc_column_text][\/vc_accordion_tab][vc_accordion_tab title=\u00bb\u00bfCual es el porcentaje m\u00ednimo de aprobaci\u00f3n?\u00bb][vc_column_text]<span style=\"color: #000000;\">El porcentaje m\u00ednimo de aprobaci\u00f3n para cada curso es de un 65% porciento, en el caso que su puntaje sea menor, tiene 2 oportunidades m\u00e1s para lograr una nota de aprobaci\u00f3n.<\/span>[\/vc_column_text][\/vc_accordion_tab][vc_accordion_tab title=\u00bb\u00bfC\u00f3mo puedo cancelar mi curso online?\u00bb][vc_column_text]<span style=\"color: #000000;\">Su curso lo puede cancelar por medio de tarjeta de cr\u00e9dito o transferencia bancaria.<\/span>[\/vc_column_text][\/vc_accordion_tab][vc_accordion_tab title=\u00bb\u00bfCu\u00e1les son los pasos a seguir una vez terminado mi curso online?\u00bb][vc_column_text]Una vez aprobado su curso online debe enviarnos la informaci\u00f3n solicitada en el correo de bienvenida, para as\u00ed de esta manera enviar su certificado al lugar que usted nos indique.[\/vc_column_text][\/vc_accordion_tab][vc_accordion_tab title=\u00bb\u00bfCu\u00e1ntos cursos puedo tomar?\u00bb][vc_column_text]<span style=\"color: #000000;\">Usted puede tomar los cursos que necesite, encaso de no alcanzar a rendirlos en el plazo indicado de 3 meses, se le asigna m\u00e1s plazo para que pueda rendir su curso tranquilamente.<\/span>[\/vc_column_text][\/vc_accordion_tab][\/vc_accordion][\/vc_column][vc_column width=\u00bb1\/2&#8243;]    \t<section class=\"un-post-listing shortcode-blog-7898 \" data-delay=0>\r\n            <div class=\"section-inner\">\r\n                <div class=\"section-header\">\r\n                    <h1 class=\"pull-left main-color-2\">Blog<\/h1>                                        <a class=\"btn btn-default btn-lighter pull-right\" href=\"#\">VISIT BLOG <i class=\"fa fa-angle-right\"><\/i><\/a>\r\n                                        <div class=\"clearfix\"><\/div>\r\n                <\/div><!--\/section-header-->\r\n                <div class=\"section-body\">\r\n                \t<div class=\"row\">\r\n                \t\t\t\t\t\t\t\t<div class=\"col-md-12 shortcode-blog-item\">\r\n                                <div class=\"content-pad\">\r\n                                    <div class=\"post-item row\">\r\n                                        <div class=\"col-md-6 col-sm-12\">\r\n                                            <div class=\"content-pad\">\r\n                                                <div class=\"item-thumbnail\">\r\n                                                    <a href=\"https:\/\/www.martilleropublico.com\/curso\/registro-de-martillero-publico\/\" title=\"Registro de Martillero Publico\">\r\n\t\t\t\t\t\t\t\t\t\t\t\t\t\t                                                        <img src=\"https:\/\/www.martilleropublico.com\/curso\/wp-content\/uploads\/2018\/04\/reg.jpg\" width=\"200\" height=\"200\" title=\"Registro de Martillero Publico\" alt=\"Registro de Martillero Publico\">\r\n                                                                                                            <\/a>\r\n                                                <\/div>\r\n                                            <\/div>\r\n                                        <\/div>\r\n                                        <div class=\"col-md-6 col-sm-12\">\r\n                                            <div class=\"content-pad\">\r\n                                                <div class=\"item-content\">\r\n                                                    <h3 class=\"item-title\"><a href=\"https:\/\/www.martilleropublico.com\/curso\/registro-de-martillero-publico\/\" title=\"Registro de Martillero Publico\" class=\"main-color-1-hover\">Registro de Martillero Publico<\/a><\/h3>\r\n                                                                                                        <div class=\"shortcode-blog-excerpt\">Te Acompa\u00f1amos en todo el proceso del registro como Martillero Publico , presentamos todos tus documentos\u00a0 \u00a0creacion de carpeta, balance, etc\u00a0<\/div>\r\n                                                                                                        <div class=\"item-meta\">\r\n                                                    \t                                                        <a class=\"btn btn-default btn-lighter\" href=\"https:\/\/www.martilleropublico.com\/curso\/registro-de-martillero-publico\/\" title=\"Registro de Martillero Publico\">LEER M\u00c1S <i class=\"fa fa-angle-right\"><\/i><\/a>\r\n\t\t\t\t\t\t\t\t\t\t\t\t\t\t                                                                                                            <\/div>\r\n                                                <\/div>\r\n                                            <\/div>\r\n                                        <\/div>\r\n                                    <\/div><!--\/post-item-->\r\n                                <\/div>\r\n                            <\/div><!--\/shortcode-blog-item-->\r\n\t\t\t\t\t\t\t\t\t\t\t\t\t\t<div class=\"col-md-12 shortcode-blog-item\">\r\n                                <div class=\"content-pad\">\r\n                                    <div class=\"post-item row\">\r\n                                        <div class=\"col-md-6 col-sm-12\">\r\n                                            <div class=\"content-pad\">\r\n                                                <div class=\"item-thumbnail\">\r\n                                                    <a href=\"https:\/\/www.martilleropublico.com\/curso\/detalle-del-curso-de-martillero-publico-online\/\" title=\"Detalle del Curso de Martillero  P\u00fablico Online\">\r\n\t\t\t\t\t\t\t\t\t\t\t\t\t\t                                                        <img src=\"https:\/\/www.martilleropublico.com\/curso\/wp-content\/uploads\/2018\/04\/Screenshot-2016-08-23-10.03.48-526x526.png\" width=\"526\" height=\"526\" title=\"Detalle del Curso de Martillero  P\u00fablico Online\" alt=\"Detalle del Curso de Martillero  P\u00fablico Online\">\r\n                                                                                                            <\/a>\r\n                                                <\/div>\r\n                                            <\/div>\r\n                                        <\/div>\r\n                                        <div class=\"col-md-6 col-sm-12\">\r\n                                            <div class=\"content-pad\">\r\n                                                <div class=\"item-content\">\r\n                                                    <h3 class=\"item-title\"><a href=\"https:\/\/www.martilleropublico.com\/curso\/detalle-del-curso-de-martillero-publico-online\/\" title=\"Detalle del Curso de Martillero  P\u00fablico Online\" class=\"main-color-1-hover\">Detalle del Curso de Martillero  P\u00fablico Online<\/a><\/h3>\r\n                                                                                                        <div class=\"shortcode-blog-excerpt\">Curso Online Martillero P\u00fablico\r\nHorario: Lunes a Domingo, las 24 horas.\r\nDuraci\u00f3n del curso: cuentas con 3 meses para completar tu curso.\r\nCompra, usa y regalar todos los cursos que quieras.<\/div>\r\n                                                                                                        <div class=\"item-meta\">\r\n                                                    \t                                                        <a class=\"btn btn-default btn-lighter\" href=\"https:\/\/www.martilleropublico.com\/curso\/detalle-del-curso-de-martillero-publico-online\/\" title=\"Detalle del Curso de Martillero  P\u00fablico Online\">LEER M\u00c1S <i class=\"fa fa-angle-right\"><\/i><\/a>\r\n\t\t\t\t\t\t\t\t\t\t\t\t\t\t                                                                                                            <\/div>\r\n                                                <\/div>\r\n                                            <\/div>\r\n                                        <\/div>\r\n                                    <\/div><!--\/post-item-->\r\n                                <\/div>\r\n                            <\/div><!--\/shortcode-blog-item-->\r\n\t\t\t\t\t\t\t                    <\/div><!--\/row-->\r\n                <\/div><!--\/section-body-->\r\n            <\/div>\r\n        <\/section><!--\/un-blog-listing-->\r\n\t[\/vc_column][\/vc_row][vc_row u_row_style=\u00bb0&#8243; u_row_paralax=\u00bb0&#8243; u_row_scheme=\u00bb0&#8243; css=\u00bb.vc_custom_1407229908970{margin-top: 0px !important;margin-bottom: 0px !important;padding-top: 30px !important;padding-bottom: 30px !important;background-color: #eaeaea !important;}\u00bb][vc_column]\t\t<section class=\"testimonials testimonials-7900 wpb_bottom-to-top wpb_animate_when_almost_visible\" data-delay=0.25>\r\n        \t<div class=\"section-inner\">\r\n                <div class=\"testimonial-carousel owl-carousel is-carousel single-carousel\" data-autoplay=5000 >\r\n                    \t\t<div class=\"carousel-item testimonial-item-204\">\r\n            <div class=\"testimonial-item text-center\">\r\n                <p class=\"minion\">La experiencia de ser estudiante on-line por primera vez me hac\u00eda pensar que un curso on-line no podr\u00eda resultar. pero fue una buena experiencia, al poder asignar mis tiempos yo misma.<\/p>\r\n                <div class=\"media professor\">\r\n                \t                    <div class=\"pull-left\">\r\n                    \t                        <img src=\"https:\/\/www.martilleropublico.com\/curso\/wp-content\/uploads\/2018\/04\/foto-150x150.jpg\" width=\"50\" height=\"50\" alt=\"Teresa Nu\u00f1ez\">\r\n                    <\/div>\r\n                                        <div class=\"media-body\">\r\n                        <h6 class=\"media-heading main-color-2\">Teresa Nu\u00f1ez<\/h6>\r\n                        <span>Alumno<\/span>\r\n                    <\/div>\r\n                <\/div>\r\n            <\/div>\r\n        <\/div><!--\/carousel-item-->\r\n\t\t\t<div class=\"carousel-item testimonial-item-1954\">\r\n            <div class=\"testimonial-item text-center\">\r\n                <p class=\"minion\">En primer lugar, quisiera dar las gracias al tutor por toda la ayuda prestada a lo largo del curso online. En mi modesta opini\u00f3n, el curso resulta realmente \u00fatil para formar profesionales que al ya estar trabajando contamos con muy poco tiempo para estudiar y perfeccionarnos. <\/p>\r\n                <div class=\"media professor\">\r\n                \t                    <div class=\"pull-left\">\r\n                    \t                        <img src=\"https:\/\/www.martilleropublico.com\/curso\/wp-content\/uploads\/2018\/04\/cliomakeup-forme-viso-stili-barba-21-150x150.jpg\" width=\"50\" height=\"50\" alt=\"Alejandro Garcia K\">\r\n                    <\/div>\r\n                                        <div class=\"media-body\">\r\n                        <h6 class=\"media-heading main-color-2\">Alejandro Garcia K<\/h6>\r\n                        <span>Alumno <\/span>\r\n                    <\/div>\r\n                <\/div>\r\n            <\/div>\r\n        <\/div><!--\/carousel-item-->\r\n\t\t\t<div class=\"carousel-item testimonial-item-9373\">\r\n            <div class=\"testimonial-item text-center\">\r\n                <p class=\"minion\">Estoy infinitamente agradecido con este curso. Es lo mejor que he encontrado en Internet y gratis. Aunque ech\u00e9 de menos algunos v\u00eddeos en el nivel intermedio. Pero su labor en presentarnos estos cursos es tremendamente colosal. He aprendido paso a paso, gracias a ustedes.<\/p>\r\n                <div class=\"media professor\">\r\n                \t                    <div class=\"pull-left\">\r\n                    \t                        <img src=\"https:\/\/www.martilleropublico.com\/curso\/wp-content\/uploads\/2018\/04\/th_mid_mujer-cara1-150x150.jpg\" width=\"50\" height=\"50\" alt=\"Sofia Cortez V\">\r\n                    <\/div>\r\n                                        <div class=\"media-body\">\r\n                        <h6 class=\"media-heading main-color-2\">Sofia Cortez V<\/h6>\r\n                        <span>Alumno <\/span>\r\n                    <\/div>\r\n                <\/div>\r\n            <\/div>\r\n        <\/div><!--\/carousel-item-->\r\n\t                <\/div>\r\n            <\/div>\r\n        <\/section><!--\/testimonial-->\r\n\t[\/vc_column][\/vc_row]<\/p>\n","protected":false},"excerpt":{"rendered":"<p>[vc_row u_row_style=\u00bb0&#8243; u_row_paralax=\u00bb0&#8243; u_row_scheme=\u00bb0&#8243; css=\u00bb.vc_custom_1522070698442{margin-bottom: 0px !important;padding-top: 40px !important;padding-bottom: 40px !important;}\u00bb][vc_column][\/vc_column][\/vc_row][vc_row u_row_style=\u00bb0&#8243; u_row_paralax=\u00bb0&#8243; u_row_scheme=\u00bb1&#8243; css=\u00bb.vc_custom_1434455707676{margin-bottom: 0px !important;padding-top: 60px !important;padding-bottom: 60px !important;}\u00bb el_class=\u00bbmain-color-1-bg\u00bb][vc_column width=\u00bb1\/3&#8243;][vc_column_text css_animation=\u00bbbottom-to-top\u00bb css=\u00bb.vc_custom_1521835325699{margin-bottom: 0px !important;border-bottom-width: 0px !important;padding-bottom: 10px !important;}\u00bb] CURSO E-LEARNING 100% ONLINE [\/vc_column_text][vc_column_text css_animation=\u00bbbottom-to-top\u00bb css=\u00bb.vc_custom_1521835341088{margin-top: 0px !important;margin-bottom: 0px !important;border-top-width: 0px !important;border-bottom-width: 0px !important;padding-top: 10px !important;padding-bottom: 20px !important;}\u00bb]Este curso online va orientado a [&hellip;]<\/p>\n","protected":false},"author":1,"featured_media":0,"parent":0,"menu_order":0,"comment_status":"open","ping_status":"closed","template":"page-templates\/front-page.php","meta":{"_bbp_topic_count":0,"_bbp_reply_count":0,"_bbp_total_topic_count":0,"_bbp_total_reply_count":0,"_bbp_voice_count":0,"_bbp_anonymous_reply_count":0,"_bbp_topic_count_hidden":0,"_bbp_reply_count_hidden":0,"_bbp_forum_subforum_count":0},"_links":{"self":[{"href":"https:\/\/www.martilleropublico.com\/curso\/wp-json\/wp\/v2\/pages\/333"}],"collection":[{"href":"https:\/\/www.martilleropublico.com\/curso\/wp-json\/wp\/v2\/pages"}],"about":[{"href":"https:\/\/www.martilleropublico.com\/curso\/wp-json\/wp\/v2\/types\/page"}],"author":[{"embeddable":true,"href":"https:\/\/www.martilleropublico.com\/curso\/wp-json\/wp\/v2\/users\/1"}],"replies":[{"embeddable":true,"href":"https:\/\/www.martilleropublico.com\/curso\/wp-json\/wp\/v2\/comments?post=333"}],"version-history":[{"count":76,"href":"https:\/\/www.martilleropublico.com\/curso\/wp-json\/wp\/v2\/pages\/333\/revisions"}],"predecessor-version":[{"id":137989,"href":"https:\/\/www.martilleropublico.com\/curso\/wp-json\/wp\/v2\/pages\/333\/revisions\/137989"}],"wp:attachment":[{"href":"https:\/\/www.martilleropublico.com\/curso\/wp-json\/wp\/v2\/media?parent=333"}],"curies":[{"name":"wp","href":"https:\/\/api.w.org\/{rel}","templated":true}]}}